re the prime factors of (15/(-3))/(-1) + g?
5
Let l be (((-6)/2)/(-3))/1. What are the prime factors of (-2 - l) + 26 + -6?
17
Let n(o) = 6*o + 78*o**2 + 3*o - 85*o**2 + o**3 - 9. Let l(x) = -x**3 + 3*x**2 + 5*x + 2. Let s be l(4). List the prime factors of n(s).
3
Let j(a) = -2*a**2 + 13*a + 11. What are the prime factors of j(7)?
2
Suppose 0 = -2*k - 0*k - 3*z + 188, -449 = -5*k + 3*z. List the prime factors of k.
7, 13
Suppose 7*f - 136 = 3*f. List the prime factors of f.
2, 17
Suppose -3*k + 32 = -13. Let j = k + 10. Suppose 2*r = 4*i - 32, -r + 0 = -3*i + j. What are the prime factors of i?
3
Let u be (-1)/(-5) + 276/(-30). List the prime factors of ((-24)/u)/((-10)/(-105)).
2, 7
Let t(y) = y**2 + 3*y + 2. Let h be t(-3). Suppose g - 14 = -h. List the prime factors of g.
2, 3
Let k(f) = 3*f + 1. Let c be k(3). Suppose 0 = -2*b - 3*b + c. What are the prime factors of b?
2
Let a(m) = -7*m + 3. Let l be a(2). Let k(d) = 6*d - 4. Let u be k(2). List the prime factors of l/(-2) + (-4)/u.
5
Suppose 0 = -3*z - 2*r + 55, 90 - 9 = 4*z - 5*r. List the prime factors of z.
19
Let n(b) be the second derivative of b**3/6 + 3*b**2 - 6*b. List the prime factors of n(6).
2, 3
Let l(b) = -3*b + 76. What are the prime factors of l(21)?
13
Let c(y) = -y. Let u(i) = -i**2 + 5*i - 16. Let m(r) = -6*c(r) - u(r). List the prime factors of m(0).
2
Let t(r) = -r**3 + 5*r**2 - 3*r - 2. Let a be -1*(-15)/3 - 1. Let o be t(a). What are the prime factors of 3 + -2 + (o - 1)?
2
Let g(x) = -3*x + 2. Let u(b) = b**2 + 6*b + 2. Let k be u(-5). List the prime factors of g(k).
11
Let r(x) be the first derivative of -x**3/3 + 8*x**2 - 7*x - 3. List the prime factors of r(12).
41
Let q be (32/6)/4*-3. List the prime factors of 2/8 + (-43)/q.
11
Let q be (-26)/(-8) + (-1)/4. Suppose 0 = d + 4 + q. Let w = d - -15. What are the prime factors of w?
2
Let u = 0 - -9. Let s = u - 4. List the prime factors of s.
5
Let y(b) = -3*b**2 + b. Let v be y(-3). Let g = v - -51. What are the prime factors of g?
3, 7
Let b = 80 - -76. Let z be (2 - (1 - 0))*2. What are the prime factors of z/(-5) - b/(-15)?
2, 5
Let s = -18 - -32. Suppose -z + 2*z = 3*k - 8, k + 4 = 2*z. List the prime factors of (-48)/(-21) - z/s.
2
Let s(t) = -2*t - 6. Let m be s(-4). Suppose m*w - 1 = 5. What are the prime factors of 5 - w*2/2?
2
List the prime factors of (7/2)/(10/40).
2, 7
List the prime factors of (-14)/(-6)*(15 - 6).
3, 7
Let n = -13 - 11. Let s = -17 - n. What are the prime factors of s?
7
Suppose 4*z = -4*d + 920, -2*d - 20 + 16 = 0. List the prime factors of z.
2, 29
Suppose d - 3*d + 88 = 0. What are the prime factors of d?
2, 11
Let z(j) = j**3 - 8*j**2 + 2*j - 7. Suppose 11 = 3*w - 13. List the prime factors of z(w).
3
Suppose 4*q = -4*c, 2*q = -q + 5*c + 16. Suppose -3*r + 260 = q*r. List the prime factors of r.
2, 13
Let l be (-2 - 21)/(2 - 3). Suppose -4*b = -2*r, 3*b - 4*b + 2*r = 0. Suppose b = -4*o + l + 25. What are the prime factors of o?
2, 3
Let m(a) = -a**3 + 3*a**2 + 4*a + 2. Let g be m(4). Suppose z = g*z. Suppose -4*u + 4 + 44 = z. What are the prime factors of u?
2, 3
Let y(w) be the third derivative of 1/8*w**4 + w**2 + 0*w + 0 + 2/3*w**3. List the prime factors of y(3).
13
Let j(k) = k**3 + 6*k**2 - 5*k + 9. List the prime factors of j(-5).
59
Let p = 186 - 272. Let b = 168 + p. Suppose 2*s + 4 = d - 2, 3*s = -5*d + b. What are the prime factors of d?
2, 7
Let t = 1 + 1. Suppose t*r = 6*r - 48. List the prime factors of r.
2, 3
Suppose -176 = -2*h + x - 13, h = 3*x + 89. List the prime factors of h.
2, 5
Suppose -5*v + 22 = -3. Suppose -4*u - v*b + 3 = 0, -6*b - 12 = -4*u - 2*b. Suppose -18 = -u*p - d, -3*d - 6 = -p - 5*d. List the prime factors of p.
2, 5
Suppose 5*x = 4*x - 5*s - 1, -3*x - 3 = -4*s. List the prime factors of (x - -2)*1 + 7.
2
Suppose 0 = -6*y + 5*y + 11. What are the prime factors of y?
11
List the prime factors of (1/2*0 - -1)*90.
2, 3, 5
Let q = 50 + 25. What are the prime factors of q?
3, 5
Let l(x) = -x**2 + 11*x - 13. Let z(g) = -2*g + 3. Let o be z(-4). Let b be l(o). Let y = -8 - b. List the prime factors of y.
5
Let i(q) = 2*q - 2. Let u be i(7). Let j = 24 - u. What are the prime factors of j?
2, 3
Let r = 2 + 0. Suppose -r*d = 6*j - j + 115, j - 2*d + 23 = 0. Let i = j - -32. What are the prime factors of i?
3
Let p = -11 - -7. Let n = p - -7. Suppose -f + 6 + n = 0. List the prime factors of f.
3
Suppose -347 = -5*j - 132. List the prime factors of j.
43
List the prime factors of -3 - (-3 + -128 - 0).
2
Let c = -20 - -14. What are the prime factors of (34/(-3))/(4/c)?
17
What are the prime factors of (-48)/(-216) - 1807/(-9)?
3, 67
Suppose 0 = 4*u + 24 + 32. Let w be 3*(u/6 + 1). Let o = w - -7. What are the prime factors of o?
3
Let h(z) = -z**3 + 8*z**2 - 8*z + 10. Let y be h(7). Suppose -48 = -4*r - y*f, r = 2*r - f - 19. List the prime factors of r.
3, 5
Suppose -t + 12 = 2*t + 3*o, 2*t - 4*o + 4 = 0. Suppose -2*d - 2*c - 82 = 0, 4*d - 4*c = t*d - 106. What are the prime factors of ((-2)/((-6)/d))/(-1)?
3, 5
Let m = 115 - 58. Suppose -4*u - 8 = -4*j, 2*j - 25 = u - 6*u. Suppose j*q - 28 = m. List the prime factors of q.
17
Let j(f) = -48*f**2 + 1. Let p be j(1). Let d = 73 + p. List the prime factors of d.
2, 13
Let g = -21 + 65. List the prime factors of g.
2, 11
Let j = -1 + 6. Suppose j = k - 4. List the prime factors of k.
3
Suppose -5*c - 25 + 0 = 0, 75 = 5*l - 2*c. List the prime factors of l.
13
Let k = -15 - -21. What are the prime factors of (k/(-9))/(6/(-81))?
3
Suppose -2*r + 5*f - 8 = -4*r, 3*f = 0. Suppose 0 = r*q - 7 - 1. Suppose -s + 13 = q*j, s + 4*s - j = 76. List the prime factors of s.
3, 5
Suppose 4*u = 5*x - 2 + 3, 2*x + 6 = -4*u. Let n = u - -1. Suppose n = 4*m - 34 + 10. List the prime factors of m.
2, 3
Let k = 35 - 19. Suppose 0 = -4*q - 6*u + 2*u - 4, 0 = -q - 4*u - k. Suppose q = 5*t - 6. What are the prime factors of t?
2
Let o(q) = q**2 + 3*q + 1. Let g be o(-4). Suppose -g*h - 39 = 2*b, 3*b + 52 = -h - 13. Let n = b + 32. List the prime factors of n.
2, 5
Let n(k) = k**3 - 7*k**2 - 9*k + 24. What are the prime factors of n(10)?
2, 3, 13
Let a be (-7)/(-2)*(-4)/2. Let m(v) = -v - 3. What are the prime factors of m(a)?
2
Let q = -8 + 4. Let b be (-2)/4 - (-526)/q. What are the prime factors of b/(-21) + (-2)/7?
2, 3
Let m(z) = -z**3 - 6*z**2 + 6*z - 5. Let y = 24 + -6. Let f be -21*3*2/y. What are the prime factors of m(f)?
2
Suppose -5*x + 5*o = 0, 2*x + 3 - 23 = -3*o. Suppose x*k + 0 = 4. List the prime factors of (-3)/k - -1 - -14.
2, 3
Let q = 8 - 10. List the prime factors of 6/9*36 - q.
2, 13
Suppose -4*p = -3*u + 86, -4*u + p + 0*p + 106 = 0. Suppose -3*c - 2*d = -2*c - 6, 2*c - 3*d = u. List the prime factors of c.
2, 5
Let m = -164 + 271. What are the prime factors of m?
107
Suppose -5*r + r + 4 = 0. Let n(m) = r - m**2 - 6 - 10*m + 3*m. List the prime factors of n(-5).
5
Let t(z) = z**3 - 8*z**2 + 9*z - 10. Let x be t(7). Let j = -18 - -70. Suppose y = -5*m - 3 - 5, x*y - m - j = 0. List the prime factors of y.
2, 3
Let x = -2 + -2. Let l = 1 - x. Suppose -l*q + 10 = -0. List the prime factors of q.
2
Let w(n) = -n**2 + 4*n + 11. What are the prime factors of w(5)?
2, 3
What are the prime factors of 3*(17 + (-2 - -6))?
3, 7
Suppose -2*x = -2*a - 8, 2*a = x + 1 - 4. Suppose 0 = -x*q + 103 - 13. What are the prime factors of q?
2, 3
Suppose v = b - 3*v - 63, -5*b + 4*v = -315. Suppose -7*n + 2*n - g = -b, -n + 4*g = 0. What are the prime factors of n?
2, 3
Suppose 4*h - 153 = -5*z, 2*z - 4*z - 3*h + 64 = 0. Let i be (1/1)/(2/36). Let a = z - i. List the prime factors of a.
11
Let o(i) = i + 7. Let p be o(-6). Let r = p - -4. What are the prime factors of r?
5
Let a(h) = 2*h - 12. Let k be a(9). Let t be (2 - 39/k)*-2. List the prime factors of (8/2)/(3/t).
2, 3
Let o(u) = 3*u**2 - u - 1. Let d be o(-1). Let w = 7 - d. List the prime factors of w.
2
Let p = -62 + 113. What are the prime factors of p?
3, 17
Suppose -q - 2 = 6. Let s = 14 + q. List the prime factors of s.
2, 3
Let z be 5*(-1 - (-2 + 2)). Let g be 19/5 - 1/z. Suppose -g*j + 27 + 17 = 0. List the prime factors of j.
11
Suppose -5*t + 2*t = -408. Suppose -5*s = -3*o - o - 170, -4*s = -4*o - t. List the prime factors of s.
2, 17
Let f(d) = d - 